. What is the units digit of w?
3
Let j(i) = i + 6. Let t be j(-6). Suppose -14 = -h - t. What is the units digit of h?
4
Let z be 0/(-2) + 5 - 2. Let l(b) = -2*b**2 - 6*b + b + 3*b**3 - 2*b**3 - z. What is the units digit of l(4)?
9
Suppose -2*k = -2*r - 10, r - 2 = 3*k - 7. Suppose -5 = -l - k*l. What is the units digit of l?
5
Let y = 5 - 0. Suppose -5*v = -0*v + r - 5, 3*v - y*r - 31 = 0. What is the units digit of 17/v*(0 - -2)?
7
Suppose -3*f - 8 = 2*j, j + 3*j = -2*f. Let r(g) = -g**2 + g**2 + 3*g - 5*g**j - g**3 - 6. What is the tens digit of r(-6)?
1
Let g(c) = c**2 - 6*c - 9. Let i be g(8). Suppose -3*s + 4 = i, -t = -3*s + 1. What is the units digit of (-4)/((t/3)/2)?
6
Suppose -3*q = -5*l - 134, -l + 146 = 2*q + q. Suppose -2*s + 20 - 6 = -3*x, 0 = 4*s + 4*x - q. What is the units digit of s?
0
Let v(q) be the third derivative of q**5/60 + 5*q**4/24 + q**3/6 - q**2. What is the units digit of v(-6)?
7
Suppose 3*v + 3*r - 5*r = 398, 12 = -3*r. What is the tens digit of v?
3
Let r(c) = c + 0*c - 2 - 2. Let f be r(4). Suppose 3*t - 4*t + 5 = f. What is the units digit of t?
5
Let w = -12 + 17. Suppose -2 + 102 = -w*b. Let t = 30 + b. What is the tens digit of t?
1
Let i(r) = -r**3 + 7*r**2 - 4*r - 2. Let y = -16 + 22. Let p(x) = 2*x - 6. Let b be p(y). What is the tens digit of i(b)?
1
Let a = 0 + 9. What is the units digit of a?
9
Suppose 0 = -3*u + 5*c + 19, -5*c - 16 = -u - u. Suppose 3*i - 5 = k, k + 14 - 3 = -u*i. Let b(x) = x**3 + 7*x**2 - 10*x - 10. What is the units digit of b(k)?
6
Suppose 0 = -2*k - 211 + 421. What is the units digit of k?
5
Let n(g) = 20*g**2 + 8*g + 8. What is the tens digit of n(-2)?
7
Suppose -2*g - 10 = -4*g. Suppose -10 = -g*x + 5. Suppose -4*s + 24 = 4*y, -24 = -0*y - x*y - s. What is the units digit of y?
9
Let i(g) = -12*g + 11. Let u(o) = -o. Let m(k) = -i(k) + 4*u(k). What is the tens digit of m(6)?
3
Let f = -2 - -5. Let v(q) = -9*q - 2*q**3 + 6*q**2 + f*q**3 - 4 - 3. What is the units digit of v(-7)?
7
Suppose -3*i + 5*i + 4 = 4*p, -4*p = 2*i - 4. What is the units digit of 0 + p/1 + 6?
7
Let q be -3*(-1)/(1 + 0). Let b be 123/q*(-2 + 3). Suppose -b = -4*m - 13. What is the units digit of m?
7
Let h = 70 - 40. What is the tens digit of h?
3
Suppose -v + 3 = -251. What is the hundreds digit of v?
2
Let s(n) = 12*n - 18. What is the tens digit of s(10)?
0
Suppose -27*o + 160 = -22*o. What is the tens digit of o?
3
Let z(s) = -s**2 + 7*s - 4. Suppose 40 = 5*a + w + 4*w, -2*w - 32 = -2*a. Suppose d - a = -3*d. What is the units digit of z(d)?
8
Suppose -2*w = -135 + 23. What is the tens digit of w?
5
Suppose -2*n + 0 + 16 = 0. Let g = n + -6. Suppose g*c + 2 - 12 = 0. What is the units digit of c?
5
Let w be 5*-3*4/30. Let b be w/4 - (-44)/8. Suppose -3*u = -b*a - 49, -u - 3*a = -4*u + 45. What is the tens digit of u?
1
Let i(z) = 3*z**2 - 2*z - 9. What is the tens digit of i(4)?
3
Let s = 59 + 43. What is the tens digit of s?
0
Let a be 10*(9/6)/3. Suppose 0 = -a*l - 5*i + 160, 0 = -4*l + i + 2*i + 135. Suppose -w = 2*w - l. What is the units digit of w?
1
Let v = 51 + -18. What is the units digit of v?
3
Let a(n) = -n**3 + 11*n**2 + 20*n - 30. What is the tens digit of a(12)?
6
Let g(f) = -6 - f + 2 - 1 + 2*f. Let r be (-4)/6*(-10 - -1). What is the units digit of g(r)?
1
Let s(p) = p**2 - 8*p. Let h be s(8). Let x = 13 - h. What is the units digit of x?
3
Let f be -12*((-1)/4 + -2). Let t = f - 18. What is the units digit of t?
9
Let o(h) = -h**2 + 5*h - 3. Let s(n) = -3*n + 4*n + 9 + 0*n. Let t be s(-7). What is the units digit of o(t)?
3
Suppose -4*t + 30 + 2 = 0. Suppose 4*h = -5*f + 4, -4*h + 4*f = 4 - t. What is the units digit of h?
1
Suppose 5*c - 119 = -29. What is the tens digit of c?
1
Let g(i) = -5*i + 1. Let l be g(-4). Let m be 1 + 1 - (15 - -1). Let v = l + m. What is the units digit of v?
7
Suppose 1 = 2*g + 17. Let y = g - -11. Suppose -y = -4*c + 5*x - 11, -3*x + 6 = -2*c. What is the units digit of c?
3
Let p = -10 - -15. Suppose -p = 2*g - 3*g. Suppose g*h - h + 45 = 5*n, -h = 0. What is the units digit of n?
9
Suppose 5*j = 2*k + 2*k + 84, -53 = -3*j + 5*k. What is the units digit of j?
6
Let g(a) = a**3 - 4*a**2 - 7*a + 5. What is the units digit of g(6)?
5
Suppose 0 = a - 38 + 2. What is the units digit of a?
6
Let d(r) = 5*r. Let q be d(3). Suppose -5*p + q = 3*x, x - 5 + 0 = 5*p. Suppose c = -p*c + 4. What is the units digit of c?
4
Let h(r) = -r**3 + 9*r**2 + 4. Suppose 4*p - 2*n = 36, -4 = 5*p + 4*n - 49. What is the units digit of h(p)?
4
Suppose -28 = 3*t - 4*t. Suppose 0 = 4*x - 3*b + 9, 2*b - 6 = 2*x. Suppose 4*i = 2*l + 11 + 47, x = -i - 4*l + t. What is the tens digit of i?
1
Suppose -1 = -2*d + 1. Suppose 0 = 3*m + 7 - d. What is the units digit of 9/2 - 1/m?
5
Let f = -55 + 108. What is the tens digit of f?
5
Let r(o) = -15*o**3 - 5*o**2 - 4*o + 1. What is the tens digit of r(-2)?
0
Let p = -21 - -12. Let c(s) = s**2 + 5*s - 5. Let b be c(p). Suppose -4*u = -49 - b. What is the units digit of u?
0
Let g(d) = -6*d**2 - 3*d - 2. Let x(y) = -5*y**2 - 4*y - 3. Let t(f) = -4*g(f) + 5*x(f). Let j(h) = 6*h. Let l be j(-1). What is the units digit of t(l)?
5
Let l(c) = 1 + 3*c**2 + 0*c - c - 2. Let z be 3*(0 + (-3)/9). What is the units digit of l(z)?
3
Let m(d) = -d**3 - 22*d**2 + 13*d - 25. What is the tens digit of m(-23)?
0
Suppose 2*a - 44 = -2*h + 72, -2*h - 4*a = -106. What is the units digit of h?
3
Let n be 54/15 - (-6)/15. Suppose -5*h = -4*r - 13, 7 = n*h - 4*r - 1. Suppose 12 = h*x - 18. What is the units digit of x?
6
Suppose -f + 4*f = 0. Let s = -3 - f. Let h = 12 + s. What is the units digit of h?
9
Suppose 9*t - 136 = t. What is the units digit of t?
7
Let z be -3*10*2/(-6). Let y(o) be the third derivative of -o**5/60 + 5*o**4/12 + o**3 - 2*o**2. What is the units digit of y(z)?
6
Suppose 3*t - 17 = 1. What is the units digit of t?
6
Let i be (54/15)/((-3)/15). Let x = i + 6. Let g = x - -25. What is the units digit of g?
3
Let m = -76 + 106. What is the units digit of m?
0
What is the hundreds digit of (-655)/(-6) - ((-155)/(-30) + -5)?
1
Let d(q) = -q**2 + 4*q + 4. Let k be d(5). Let o(g) = 6*g**2 - 2*g - 1. Let i be o(k). What is the tens digit of 3*i/(21/10)?
1
Suppose 2*p = 2*z + 4, 9 = 3*p - 5*z - 1. Suppose p = -5*a - 5*f + 15 + 40, -a = -5*f - 29. What is the tens digit of a?
1
Suppose 6 = 2*q + q. What is the tens digit of (5/q)/((-2)/(-8))?
1
Let f(j) = j**3 + 4*j**2 + 2. Suppose 10 = 5*p - 0*p + 5*m, p - 4*m - 7 = 0. Suppose -p*l + 5*x - 24 = 0, -l - x = -5*x + 15. What is the units digit of f(l)?
1
Let v(k) = 8*k**2 + k. Suppose -2*r + 2 + 0 = 0. What is the units digit of v(r)?
9
Suppose 2*a + 3*a - 340 = 5*y, -2*a - 2*y = -136. Suppose -28 = -3*p + a. What is the units digit of p?
2
Let y(q) = -q + 9. Let x = 5 - -1. What is the units digit of y(x)?
3
Suppose -w + 0*w = 0. Suppose w = 2*z - z - 45. Suppose -p - 4*p = -z. What is the units digit of p?
9
Suppose 5*h + 20 = 0, -4*h - 412 = -3*q + 102. What is the hundreds digit of q?
1
Suppose 3*o = 3*n + 1221, n - 2*n + 1237 = 3*o. What is the hundreds digit of o?
4
What is the tens digit of (738/27 + 2)/(2/3)?
4
Suppose -4*r = -5*w - 775, 2*r - w + 1005 = 7*r. What is the units digit of r?
0
Let k(p) = -19*p + 2*p + 7 + 3*p - 8. Let o = 2 + -3. What is the tens digit of k(o)?
1
What is the units digit of ((-210)/4)/((-9)/12)?
0
What is the hundreds digit of -2 - (217 + 3 + -2)/(-2)?
1
Let t = -16 + 19. What is the units digit of t?
3
Suppose -3*v - 5 = 4, -4*c - 5*v - 55 = 0. Let x(u) = -2*u - 6 + 3*u - 2*u. What is the units digit of x(c)?
4
Let t(z) = 5*z - 1. Let b(f) = f. Let k(s) = -3*b(s) + t(s). Let d be k(8). Suppose 2*q - 15 = d. What is the tens digit of q?
1
Let m(z) = -21*z**3 + z. Let j be m(-1). Let o be j/25*25/1. Let b = -13 + o. What is the units digit of b?
7
Let l(s) = s**3 + 6*s**2 - 5*s - 1. Suppose -5*w - 35 = 5*c, -c - 4*c + 2*w - 28 = 0. What is the tens digit of l(c)?
2
Let w = -151 + 243. What is the tens digit of w?
9
Let g = -4 - -3. Let o be 2*g + -5 + 28. What is the units digit of -1 + 2 - o/(-3)?
8
Suppose -99 = -2*m + 51. Let f = m - 25. What is the tens digit of f?
5
Let r(j) = 2*j**3 - 2*j**2 - 2*j - 68. Let l(n) = -n**3 + n**2 + n + 34. Let i(u) = 13